5?
2
What is the ten millions digit of 351835104?
5
What is the hundred thousands digit of 89579893?
5
What is the ten millions digit of 1259075770?
5
What is the units digit of 1526369174?
4
What is the units digit of 71200914?
4
What is the millions digit of 1403356179?
3
What is the tens digit of 59214261?
6
What is the hundred thousands digit of 2441459120?
4
What is the hundreds digit of 2386295421?
4
What is the ten millions digit of 27366505?
2
What is the ten thousands digit of 39150353?
5
What is the tens digit of 542971912?
1
What is the tens digit of 14848921?
2
What is the thousands digit of 110051288?
1
What is the units digit of 140947430?
0
What is the units digit of 19098757?
7
What is the hundred thousands digit of 124576517?
5
What is the ten thousands digit of 30471018?
7
What is the tens digit of 336528225?
2
What is the ten thousands digit of 71125386?
2
What is the ten millions digit of 940816613?
4
What is the tens digit of 1787741438?
3
What is the billions digit of 5770670596?
5
What is the ten thousands digit of 14644823?
4
What is the thousands digit of 20265558?
5
What is the hundreds digit of 9851904?
9
What is the ten thousands digit of 594648065?
4
What is the hundreds digit of 348219432?
4
What is the thousands digit of 17074966?
4
What is the millions digit of 790497553?
0
What is the hundred thousands digit of 1995579427?
5
What is the hundred thousands digit of 131403032?
4
What is the ten thousands digit of 3051708697?
0
What is the millions digit of 127428249?
7
What is the tens digit of 93503534?
3
What is the billions digit of 3299314479?
3
What is the tens digit of 1524981347?
4
What is the units digit of 164863900?
0
What is the hundred thousands digit of 120339200?
3
What is the millions digit of 169642367?
9
What is the tens digit of 8712896359?
5
What is the ten millions digit of 114484540?
1
What is the ten thousands digit of 927086323?
8
What is the hundreds digit of 344724968?
9
What is the ten thousands digit of 574691709?
9
What is the thousands digit of 812770577?
0
What is the hundreds digit of 31662358?
3
What is the millions digit of 188877253?
8
What is the hundred thousands digit of 140532147?
5
What is the units digit of 4349149133?
3
What is the tens digit of 6857598?
9
What is the ten millions digit of 44231596?
4
What is the hundred thousands digit of 131879450?
8
What is the ten thousands digit of 637770823?
7
What is the hundred thousands digit of 716994928?
9
What is the hundreds digit of 142921439?
4
What is the ten thousands digit of 13571483?
7
What is the millions digit of 30886891?
0
What is the thousands digit of 3078418212?
8
What is the units digit of 137172076?
6
What is the tens digit of 29947307?
0
What is the ten millions digit of 37928739?
3
What is the hundred thousands digit of 701213113?
2
What is the thousands digit of 22771812?
1
What is the hundred millions digit of 103515301?
1
What is the hundreds digit of 2110262174?
1
What is the hundreds digit of 95010570?
5
What is the thousands digit of 55492992?
2
What is the ten millions digit of 153381140?
5
What is the ten thousands digit of 477574593?
7
What is the ten millions digit of 218569503?
1
What is the hundreds digit of 972245740?
7
What is the hundreds digit of 218346972?
9
What is the tens digit of 54539491?
9
What is the hundreds digit of 679549147?
1
What is the ten millions digit of 36694580?
3
What is the tens digit of 3984741?
4
What is the hundreds digit of 48793847?
8
What is the tens digit of 17373877?
7
What is the ten millions digit of 1511165120?
1
What is the tens digit of 150096645?
4
What is the millions digit of 210089459?
0
What is the hundred thousands digit of 618609273?
6
What is the tens digit of 433255367?
6
What is the thousands digit of 17516815?
6
What is the units digit of 121228203?
3
What is the millions digit of 558553939?
8
What is the ten thousands digit of 139385434?
8
What is the thousands digit of 146568617?
8
What is the thousands digit of 1545203475?
3
What is the tens digit of 229018510?
1
What is the ten thousands digit of 1471001332?
0
What is the hundreds digit of 152353552?
5
What is the millions digit of 1685837066?
5
What is the ten thousands digit of 402409574?
0
What is the hundreds digit of 3436519099?
0
What is the millions digit of 1123678974?
3
What is the ten thousands digit of 874437664?
3
What is the units digit of 7284914299?
9
What is the thousands digit of 104531238?
1
What is the ten thousands digit of 379954069?
5
What is the hundred thousands digit of 331933897?
9
What is the ten millions digit of 242987017?
4
What is the millions digit of 274275293?
4
What is the ten millions digit of 23587958?
2
What is the tens digit of 21276574?
7
What is the tens digit of 78044372?
7
What is the ten thousands digit of 9898081?
9
What is the millions digit of 603595834?
3
What is the tens digit of 3697344?
4
What is the ten millions digit of 3378027917?
7
What is the units digit of 31690033?
3
What is the tens digit of 105266973?
7
What is the millions digit of 124497122?
4
What is the hundred thousands digit of 3002452400?
4
What is the hundreds digit of 8234753?
7
What is the millions digit of 664439928?
4
What is the ten thousands digit of 31563041?
6
What is the tens digit of 467331358?
5
What is the millions digit of 1584475073?
4
What is the ten thousands digit of 28712833?
1
What is the units digit of 561855441?
1
What is the millions digit of 133457596?
3
What is the units digit of 145585856?
6
What is the tens digit of 3984053170?
7
What is the millions digit of 160343437?
0
What is the millions digit of 15899672?
5
What is the ten thousands digit of 129876398?
7
What is the units digit of 708338157?
7
What is the thousands digit of 120108570?
8
What is the hundreds digit of 58947621?
6
What is the millions digit of 285872248?
5
What is the hundred thousands digit of 2800666389?
6
What is the units digit of 196414839?
9
What is the ten thousands digit of 1753563378?
6
What is the ten millions digit of 3308589315?
0
What is the hundreds digit of 1686445754?
7
What is the tens digit of 182380853?
5
What is the hundreds digit of 31216917?
9
What is the thousands digit of 560153611?
3
What is the hundred thousands digit of 731230891?
2
What is the hundred millions digit of 592803964?
5
What is the units digit of 97469849?
9
What is the billions digit of 1172332638?
1
What is the hundred thousands digit of 29133535?
1
What is the millions digit of 160462456?
0
What is the millions digit of 19132653?
9
What is the millions digit of 4938430682?
8
What is the units digit of 83107849?
9
What is the hundreds digit of 102218749?
7
What is the hundreds digit of 358965982?
9
What is the thousands digit of 918764724?
4
What is the ten thousands digit of 519659454?
5
What is the hundreds digit of 3377882157?
1
What is the hundreds digit of 1421153911?
9
What is the millions digit of 408256560?
8
What is the ten thousands digit of 6529265353?
6
What is the tens digit of 729346048?
4
What is the millions digit of 393464953?
3
What is the hundred thousands digit of 28246377?
2
What is the millions digit of 142275171?
2
What is the millions digit of 285271827?
5
What is the millions digit of 162017282?
2
What is the units digit of 246351696?
6
What is the thousands digit of 21102795?
2
What is the ten thousands digit of 8794191?
9
What is the ten millions digit of 457978855?
5
What is the millions digit of 559250603?
9
What is the hundreds digit of 2061334453?
4
What is the hundreds digit of 6515622536?
5
What is the thousands digit of 1618894345?
4
What is the hundreds digit of 32139440?
4
What is the units digit of 12763835?
5
What is the hundred millions digit of 352341552?
3
What is the hundred thousands digit of 259881897?
8
What is the hundred thousands digit of 1778674170?
6
What is the hundred millions digit of 610392947?
6
What is the millions digit of 404413779?
4
What is the hundred thousands digit of 151169229?
1
What is the thousands digit of 474284435?
4
What is the ten millions digit of 19442437?
1
What is the tens digit of 3818724876?
7
What is the tens digit of 945251?
5
What is the hundred millions digit of 9424323696?
4
What is the tens digit of 74918